{"id":215,"date":"2024-10-31T11:24:33","date_gmt":"2024-10-31T11:24:33","guid":{"rendered":"https:\/\/www.laihianautokoulu.fi\/?page_id=215"},"modified":"2025-02-26T08:16:23","modified_gmt":"2025-02-26T08:16:23","slug":"mopoauto","status":"publish","type":"page","link":"https:\/\/www.laihianautokoulu.fi\/index.php\/mopoauto\/","title":{"rendered":"Mopoauto \/ T3B m\u00f6nkij\u00e4"},"content":{"rendered":"\n<p>AM 121&nbsp;ajokortti (vaaditaan my\u00f6s traktoriin T3b, saat ajaa my\u00f6s traktoria T3a)<\/p>\n\n\n\n<div class=\"wp-block-group alignfull has-base-2-background-color has-background has-global-padding is-layout-constrained wp-container-core-group-is-layout-669513ed wp-block-group-is-layout-constrained\" style=\"margin-top:0;margin-bottom:0;padding-top:var(--wp--preset--spacing--50);padding-right:var(--wp--preset--spacing--50);padding-bottom:var(--wp--preset--spacing--50);padding-left:var(--wp--preset--spacing--50)\">\n<div class=\"wp-block-columns alignwide is-layout-flex wp-container-core-columns-is-layout-28f84493 wp-block-columns-is-layout-flex\">\n<div class=\"wp-block-column is-layout-flow wp-block-column-is-layout-flow\" style=\"flex-basis:40%\">\n<p class=\"has-medium-font-size wp-container-content-0733e5d0\"><strong>Ik\u00e4vaatimus<\/strong><\/p>\n<\/div>\n\n\n\n<div class=\"wp-block-column is-layout-flow wp-block-column-is-layout-flow\" style=\"flex-basis:60%\">\n<p class=\"has-medium-font-size\" style=\"line-height:1.2\">15 vuotta<\/p>\n<\/div>\n<\/div>\n<\/div>\n\n\n\n<div class=\"wp-block-group alignfull has-accent-2-background-color has-background has-global-padding is-layout-constrained wp-container-core-group-is-layout-669513ed wp-block-group-is-layout-constrained\" style=\"margin-top:0;margin-bottom:0;padding-top:var(--wp--preset--spacing--50);padding-right:var(--wp--preset--spacing--50);padding-bottom:var(--wp--preset--spacing--50);padding-left:var(--wp--preset--spacing--50)\">\n<div class=\"wp-block-columns alignwide is-layout-flex wp-container-core-columns-is-layout-28f84493 wp-block-columns-is-layout-flex\">\n<div class=\"wp-block-column is-layout-flow wp-block-column-is-layout-flow\" style=\"flex-basis:40%\">\n<p class=\"has-medium-font-size wp-container-content-0733e5d0\"><strong>PERUS-opetuspaketti<\/strong><\/p>\n<\/div>\n\n\n\n<div class=\"wp-block-column is-layout-flow wp-block-column-is-layout-flow\" style=\"flex-basis:60%\">\n<p class=\"has-heading-font-family has-medium-font-size\" style=\"line-height:1.2\">Ensimm\u00e4ist\u00e4 ajokorttia suorittavan teoriaopetus 4h<\/p>\n\n\n\n<p class=\"has-heading-font-family has-medium-font-size\" style=\"line-height:1.2\">Tunnukset teoriakoeharjoitteluun<\/p>\n\n\n\n<p class=\"has-heading-font-family has-medium-font-size\" style=\"line-height:1.2\">Lakis\u00e4\u00e4teinen oppilaskirjanpito<\/p>\n\n\n\n<p class=\"has-heading-font-family has-medium-font-size\" style=\"line-height:1.2\">Ajo-opetus 2h autokoulun kuvassa olevalla ajoneuvolla ajokoealueella<\/p>\n\n\n\n<p class=\"has-heading-font-family has-medium-font-size\" style=\"line-height:1.2\">Oppilaan, m\u00f6nkij\u00e4n ja varusteiden kuljetus ajokokeeseen Vaasaan<\/p>\n\n\n\n<p class=\"has-heading-font-family has-medium-font-size\" style=\"line-height:1.2\">Ajoneuvon k\u00e4ytt\u00f6 1.ajokokeessa<\/p>\n<\/div>\n<\/div>\n\n\n\n<figure class=\"wp-block-image alignwide size-full is-style-rounded is-style-rounded--1\"><img loading=\"lazy\" decoding=\"async\" width=\"590\" height=\"423\" src=\"https:\/\/www.laihianautokoulu.fi\/wp-content\/uploads\/2024\/10\/canam-no-background.png\" alt=\"\" class=\"wp-image-92\" srcset=\"https:\/\/www.laihianautokoulu.fi\/wp-content\/uploads\/2024\/10\/canam-no-background.png 590w, https:\/\/www.laihianautokoulu.fi\/wp-content\/uploads\/2024\/10\/canam-no-background-300x215.png 300w\" sizes=\"auto, (max-width: 590px) 100vw, 590px\" \/><\/figure>\n<\/div>\n\n\n\n<div class=\"wp-block-group alignfull has-base-2-background-color has-background has-global-padding is-layout-constrained wp-container-core-group-is-layout-669513ed wp-block-group-is-layout-constrained\" style=\"margin-top:0;margin-bottom:0;padding-top:var(--wp--preset--spacing--50);padding-right:var(--wp--preset--spacing--50);padding-bottom:var(--wp--preset--spacing--50);padding-left:var(--wp--preset--spacing--50)\">\n<div class=\"wp-block-columns alignwide is-layout-flex wp-container-core-columns-is-layout-28f84493 wp-block-columns-is-layout-flex\">\n<div class=\"wp-block-column is-layout-flow wp-block-column-is-layout-flow\" style=\"flex-basis:40%\">\n<p class=\"has-medium-font-size wp-container-content-0733e5d0\"><strong>LAATU-opetuspaketti<\/strong><\/p>\n<\/div>\n\n\n\n<div class=\"wp-block-column is-layout-flow wp-block-column-is-layout-flow\" style=\"flex-basis:60%\">\n<p class=\"has-heading-font-family has-medium-font-size\" style=\"line-height:1.2\">Ensimm\u00e4ist\u00e4 ajokorttia suorittavan teoriaopetus 4h<\/p>\n\n\n\n<p class=\"has-heading-font-family has-medium-font-size\" style=\"line-height:1.2\">Tunnukset teoriakoeharjoitteluun<\/p>\n\n\n\n<p class=\"has-heading-font-family has-medium-font-size\" style=\"line-height:1.2\">Lakis\u00e4\u00e4teinen oppilaskirjanpito<\/p>\n\n\n\n<p class=\"has-heading-font-family has-medium-font-size\" style=\"line-height:1.2\">Oppimisymp\u00e4rist\u00f6 verkossa<\/p>\n\n\n\n<p class=\"has-heading-font-family has-medium-font-size\" style=\"line-height:1.2\">Oppikirja verkossa<\/p>\n\n\n\n<p class=\"has-heading-font-family has-medium-font-size\" style=\"line-height:1.2\">Ajo-opetus 4h autokoulun kuvassa olevalla ajoneuvolla ajokoealueella<\/p>\n\n\n\n<p class=\"has-heading-font-family has-medium-font-size\" style=\"line-height:1.2\">Oppilaan, m\u00f6nkij\u00e4n ja varusteiden kuljetus ajokokeeseen Vaasaan<\/p>\n\n\n\n<p class=\"has-heading-font-family has-medium-font-size\" style=\"line-height:1.2\">Ajoneuvon k\u00e4ytt\u00f6 1.ajokokeessa<\/p>\n<\/div>\n<\/div>\n\n\n\n<p class=\"has-heading-font-family\"><strong>LAATU-opetuspaketilla saat enemm\u00e4n varmuutta ja turvallisuutta ajamiseen sek\u00e4 suoriutuminen kuljettajantutkinnosta on helpompaa<\/strong><\/p>\n\n\n\n<div style=\"height:100px\" aria-hidden=\"true\" class=\"wp-block-spacer\"><\/div>\n<\/div>\n\n\n\n<div class=\"wp-block-cover alignfull is-light has-parallax\" style=\"padding-top:var(--wp--preset--spacing--50);padding-right:var(--wp--preset--spacing--50);padding-bottom:var(--wp--preset--spacing--50);padding-left:var(--wp--preset--spacing--50);min-height:322px;aspect-ratio:unset;\"><span aria-hidden=\"true\" class=\"wp-block-cover__background has-base-background-color has-background-dim-0 has-background-dim\"><\/span><div class=\"wp-block-cover__image-background wp-image-331 has-parallax\" style=\"background-position:50% 50%;background-image:url(https:\/\/www.laihianautokoulu.fi\/wp-content\/uploads\/2024\/11\/Kuva-2.jpg)\"><\/div><div class=\"wp-block-cover__inner-container has-global-padding is-layout-constrained wp-container-core-cover-is-layout-e4fd886c wp-block-cover-is-layout-constrained\">\n<div style=\"height:103px\" aria-hidden=\"true\" class=\"wp-block-spacer\"><\/div>\n<\/div><\/div>\n\n\n\n<div class=\"wp-block-group alignfull has-base-2-background-color has-background has-global-padding is-layout-constrained wp-container-core-group-is-layout-7cd14b77 wp-block-group-is-layout-constrained\" style=\"margin-top:0;margin-bottom:0;padding-top:var(--wp--preset--spacing--60);padding-right:var(--wp--preset--spacing--60);padding-bottom:var(--wp--preset--spacing--60);padding-left:var(--wp--preset--spacing--60)\">\n<div class=\"wp-block-group alignwide is-layout-flow wp-block-group-is-layout-flow\">\n<div style=\"height:var(--wp--preset--spacing--50)\" aria-hidden=\"true\" class=\"wp-block-spacer\"><\/div>\n\n\n\n<p class=\"has-text-align-center has-heading-font-family has-x-large-font-size\" style=\"font-style:normal;font-weight:400;line-height:1.2\">&#8221;M\u00f6nkij\u00e4t on suunniteltu selviytym\u00e4\u00e4n monenlaisissa maastoissa &#8211; mets\u00e4poluilla, hiekkateill\u00e4, kivikoissa ja lumessa. Mahdollisuus kulkea vaikeakulkuisissakin paikoissa tuo erityist\u00e4 j\u00e4nnityst\u00e4 ja vapautta ajamiseen&#8221;<\/p>\n\n\n\n<div style=\"height:var(--wp--preset--spacing--50)\" aria-hidden=\"true\" class=\"wp-block-spacer\"><\/div>\n<\/div>\n<\/div>\n","protected":false},"excerpt":{"rendered":"<p>AM 121&nbsp;ajokortti (vaaditaan my\u00f6s traktoriin T3b, saat ajaa my\u00f6s traktoria T3a) Ik\u00e4vaatimus 15 vuotta PERUS-opetuspaketti Ensimm\u00e4ist\u00e4 ajokorttia suorittavan teoriaopetus 4h Tunnukset teoriakoeharjoitteluun Lakis\u00e4\u00e4teinen oppilaskirjanpito Ajo-opetus 2h autokoulun kuvassa olevalla ajoneuvolla ajokoealueella Oppilaan, m\u00f6nkij\u00e4n ja varusteiden kuljetus ajokokeeseen Vaasaan Ajoneuvon k\u00e4ytt\u00f6 1.ajokokeessa LAATU-opetuspaketti Ensimm\u00e4ist\u00e4 ajokorttia suorittavan teoriaopetus 4h Tunnukset teoriakoeharjoitteluun Lakis\u00e4\u00e4teinen oppilaskirjanpito Oppimisymp\u00e4rist\u00f6 verkossa Oppikirja verkossa [&hellip;]<\/p>\n","protected":false},"author":1,"featured_media":0,"parent":0,"menu_order":0,"comment_status":"closed","ping_status":"closed","template":"","meta":{"footnotes":""},"class_list":["post-215","page","type-page","status-publish","hentry"],"jetpack_sharing_enabled":true,"_links":{"self":[{"href":"https:\/\/www.laihianautokoulu.fi\/index.php\/wp-json\/wp\/v2\/pages\/215","targetHints":{"allow":["GET"]}}],"collection":[{"href":"https:\/\/www.laihianautokoulu.fi\/index.php\/wp-json\/wp\/v2\/pages"}],"about":[{"href":"https:\/\/www.laihianautokoulu.fi\/index.php\/wp-json\/wp\/v2\/types\/page"}],"author":[{"embeddable":true,"href":"https:\/\/www.laihianautokoulu.fi\/index.php\/wp-json\/wp\/v2\/users\/1"}],"replies":[{"embeddable":true,"href":"https:\/\/www.laihianautokoulu.fi\/index.php\/wp-json\/wp\/v2\/comments?post=215"}],"version-history":[{"count":5,"href":"https:\/\/www.laihianautokoulu.fi\/index.php\/wp-json\/wp\/v2\/pages\/215\/revisions"}],"predecessor-version":[{"id":588,"href":"https:\/\/www.laihianautokoulu.fi\/index.php\/wp-json\/wp\/v2\/pages\/215\/revisions\/588"}],"wp:attachment":[{"href":"https:\/\/www.laihianautokoulu.fi\/index.php\/wp-json\/wp\/v2\/media?parent=215"}],"curies":[{"name":"wp","href":"https:\/\/api.w.org\/{rel}","templated":true}]}}